. Suppose -j*x - 3*x - 65 = -y*f, -x = 5. What is the tens digit of f?
2
Suppose 2*d + 8 = -4*w, -w + 6*w + 2*d + 9 = 0. Let f be (-99)/w - 8/4. Suppose 159 = 5*b - 4*u, 4*u + f = 5*b - 2*b. What is the tens digit of b?
3
Let f(x) = 20*x**2 - 15*x - 3. Let o be f(-5). Let q = o + -265. What is the units digit of q?
7
Suppose 2*b = 34 - 6. Let w be (-1)/(-2) - (-49)/b. What is the units digit of (-3 + 6/w)*-6?
9
Let m(g) = 148*g**3 + 2*g**2 - 4*g + 1. Let p be ((-14)/(-21))/(0 - 6/(-9)). What is the units digit of m(p)?
7
Suppose 9*f = -11*z + 12*z - 4247, 0 = -4*f - 16. What is the tens digit of z?
1
Let b be 2/5 - (-444)/(-60). Let t(j) be the first derivative of -j**4/4 - 8*j**3/3 - 4*j**2 + 6*j - 3. What is the tens digit of t(b)?
1
Let u = 0 + 6. Suppose 12*w = 9*w + u. Suppose -276 = -2*g - w*g. What is the tens digit of g?
6
What is the tens digit of 241*(6 + (70 + -4)/6)?
9
Let u be 3 + (6/(-3) - -2). Suppose -9 = -u*h - 0. What is the units digit of h?
3
Let o(v) = 4*v**2 - 4*v - 8. Let c be o(-2). Suppose c - 106 = -5*p. What is the tens digit of p?
1
Let p = 13 - 10. Let z be 0 + (p - 0) + -9. Let s = z - -8. What is the units digit of s?
2
Let b = 5142 + -2988. What is the tens digit of b?
5
Suppose 72*t = 4398 + 2802. What is the units digit of t?
0
Let z(k) = -k**3 - 4*k**2 - 6*k - 6. Let d = 28 + -26. Let y be -1 + 2 + (-4 - d). What is the units digit of z(y)?
9
Let n = 905 + 123. What is the hundreds digit of n?
0
Suppose 0 = -3*c - 295 + 52. Let n be 74/9 + 18/c. Let q(u) = -u**2 + 13*u - 11. What is the tens digit of q(n)?
2
Let r be (-3 - 195/(-12) - 1)*12. Let q = r - -45. What is the units digit of q?
2
Let t be (-6)/4*56/(-21). Suppose -54 = -2*j - a, t*j + 2*a - 98 = 5*a. Suppose -21 - j = -f. What is the tens digit of f?
4
Let a(b) be the first derivative of b**3/3 + 5*b**2 + 4*b - 2. Let r be a(-8). What is the units digit of (r/6)/(4/(-6))?
3
Suppose 2*b - 20 = -3*b. Suppose -15 = 3*r + 5*i, b*r - 5*i + 6*i = -3. Suppose -3*a - 5*s + 2 = 0, 4*a + r*a + s - 31 = 0. What is the units digit of a?
9
Let c(s) = s**2 - 4*s + 4. Let m be c(3). Let a(o) = o + 21. Let k be a(-23). What is the tens digit of (-25)/(2/k*m)?
2
Suppose 0 = 169*g - 167*g - 864. What is the hundreds digit of g?
4
Let t = -1 + -1. Let w(i) = -i**2 + i + 4. Let l be w(3). What is the units digit of t/l*1*2?
2
Let i(r) = 3*r**2 - r + 794. What is the hundreds digit of i(0)?
7
Let j(a) = 10*a + 5. Let c be j(-4). Let i = -28 - c. What is the units digit of i/(28/136) + 0?
4
Let h = -325 + 1125. What is the tens digit of h?
0
Let v(z) = -59*z**3 + 2*z - 2. What is the tens digit of v(-2)?
6
Let n be 1*317 + (-8 - -6). Suppose 3*d + n = 8*d. What is the units digit of d?
3
Suppose 22*o - 60 = 19*o. Suppose o = n + 4*m, 5*n - 88 = -2*m + 12. What is the units digit of n?
0
Let f(v) be the second derivative of v**4/2 - v**3/2 - 7*v**2/2 - 5*v. Let o be f(5). Suppose 4*k - o = -0*k. What is the tens digit of k?
3
Suppose 7*w - 45 = 2*w. Suppose w*n = 13*n - 8. What is the units digit of n?
2
Let i(l) = -l**3 + 3*l**2 - 14*l + 15. What is the hundreds digit of i(-7)?
6
Suppose -v = 5*b - 7479, -26*b + 4469 = -23*b - 4*v. What is the units digit of b?
5
Let t be (10/(-2))/20 + (-201)/(-4). Let z = -44 - -20. Let l = z + t. What is the tens digit of l?
2
Let f = 641 - 538. What is the hundreds digit of f?
1
Let g = -1 - -1. Suppose 3*w + 5*w - 768 = g. What is the units digit of w?
6
Suppose 12 = 3*i - 3*k, 2*i + k = 8 + 9. Suppose i*w + 8 = 9*w. What is the units digit of w?
4
Let a = 22 + 197. Suppose -6*f = -147 - a. What is the tens digit of f?
6
What is the hundreds digit of (-4)/22 - 2424/(-22)?
1
Let w be ((-2)/(-4))/((-3)/(-24)). Let x = -1 - w. What is the tens digit of (-6)/x*650/20?
3
Suppose 6020 = 4*x + f - 1737, 2*x - 3*f = 3889. What is the thousands digit of x?
1
Suppose -5*y = -5*j + 4550, y = -3*j - 1165 + 3891. What is the units digit of j?
9
What is the thousands digit of 5649/4 - (-8 - (-429)/52)?
1
Suppose -4*n + 1635 = 11*n. What is the units digit of n?
9
Let m be ((5/4)/(-1))/((-9)/36). Suppose 0 = -m*o - 0*o + 2*z + 203, -z + 113 = 3*o. What is the units digit of o?
9
Suppose 3*u - 11511 = 3*m, 5*u + 4*m - 1975 = 17255. What is the units digit of u?
2
What is the tens digit of 5/15*12021 + (-4 - -2)?
0
Let w(d) = -d + 9. Let b(h) = -h**2 - 13*h - 6. Let t be b(-7). Suppose t = -2*r - 2*r. What is the units digit of w(r)?
8
Let o(w) = 6*w + 10. Suppose -25 = 5*m, -5*r = 3*m + 2*m - 10. Let p be o(r). Suppose -5*y + 78 = -p. What is the tens digit of y?
2
Let d = -388 - -4175. What is the thousands digit of d?
3
Let r(y) = y - 14. Let w be r(16). Suppose -w*k + 137 = h, 5*k + 4*h = 309 + 35. What is the units digit of k?
8
What is the tens digit of (7 + 0)/7 + -3 + 1055?
5
Let c be 2*(-3 + (-10)/(-2)). Suppose -3*w + 0*w + 31 = u, 8 = -w - c*u. Suppose -m - 5*z + 0*z = 12, 4*z + w = 0. What is the units digit of m?
3
Suppose 5*x = -4*s - 115, 0*s = -s - x - 29. Let o = 26 - s. What is the tens digit of o?
5
Let t = 2652 + -364. What is the thousands digit of t?
2
Let b = 27 + -23. What is the units digit of 975/18 + b/(-24)?
4
Let m = 184 - 35. What is the hundreds digit of m?
1
Suppose 0 = 3*f + f + 16. Let i = 17 - f. Let o = i - 9. What is the units digit of o?
2
Let b be 258 - (-5)/((-20)/8). Suppose 0 = -3*y - 743 - b. What is the tens digit of (5/(-15))/(3/y)?
3
Suppose -5*m + 24 = 4*h, 0 = h - 1 - 0. Suppose -m*f + 15 = -5. Suppose -76 = -2*z - 4*o, -f*o = -z + 5*z - 137. What is the units digit of z?
8
Suppose a - 6 = 2*a. Suppose 5*y + 4 - 44 = 0. What is the units digit of y/a*27/(-6)?
6
Let t = -24 + 32. Suppose 2*q - t = -2*q. What is the units digit of q?
2
Suppose -a = 189 - 72. Let o = 233 + a. What is the hundreds digit of o?
1
Suppose 4*k - 4*i = 12072, 3*i - 7341 - 7717 = -5*k. What is the hundreds digit of k?
0
Suppose 0 = 2*s - 38*h + 40*h - 1556, -s + h = -788. What is the tens digit of s?
8
Let g be (-678)/(-4) - (1/2 - 1). Suppose 10*i = g + 570. What is the tens digit of i?
7
Let z = -331 + 2193. What is the tens digit of z?
6
Let k(a) = -a**3 + 4*a**2 - 3*a. Let u be k(2). Suppose 0 = -3*n + u*n - 1. What is the units digit of 1/((-4)/32*n)?
8
Suppose 8 = s + s - d, -4*s + 5*d + 4 = 0. Suppose -9*f = -s*f - 171. What is the units digit of f?
7
Let c be (7/(-21))/((-2)/6). Let d be (-7 - -5)*1/c. What is the units digit of d/(-9) - (-2040)/54?
8
Let d(r) = -r**2 + 2*r + 465. What is the hundreds digit of d(0)?
4
Suppose -5*i - 4*u = -90, 6*u - 2*u = 2*i - 8. Let z(m) = 3*m - 13. What is the units digit of z(i)?
9
Let k(t) = -t**2 - 2*t - 12. Let o be k(9). Let z = -58 - o. What is the tens digit of z?
5
Let z(u) = -2*u**3 - 16*u**2 + 41*u + 11. What is the thousands digit of z(-18)?
5
Let k(d) = -95*d - 29. Suppose 0 = -r - 3*c + c + 7, 0 = 4*r + 5*c - 13. What is the units digit of k(r)?
6
Let h(b) = b**3 - b**2 - b + 1. Let k(j) = 7*j**3 + 11*j**2 + 28*j + 29. Let x(r) = 6*h(r) - k(r). What is the hundreds digit of x(-16)?
2
Suppose -960 = -2*o - o. Suppose -11*n + o = -6*n. What is the units digit of n?
4
Let f(h) = 8*h**2 - 39*h + 246. What is the tens digit of f(14)?
6
Suppose 13*j = 47 + 5. Suppose -f + 2*d = -54 - 135, j*f - 736 = 3*d. What is the hundreds digit of f?
1
Let s = 98 + -28. What is the tens digit of 1292/14 + (-20)/s?
9
Let a = 15 + -15. Suppose -i + k + 1 = a, -3*i - k = 2*k - 9. What is the tens digit of 84/(1 + i) - 0?
2
Suppose 4*p - 3698 = 2*g, 720 = 5*p + 3*g - 3897. What is the hundreds digit of p?
9
Let l(v) = -v**3 + 11*v**2 + 9*v - 1. Let y be l(11). Suppose 0 = -3*m + 5*m + y. What is the units digit of (-2590)/m - 2/(-14)?
3
Let t(h) = h - 2. Let v be t(6). Suppose v = a + 2. Suppose a*u - 60 = -2*x, -3*u - x + 49 + 47 = 0. What is the tens digit of u?
3
Suppose 0 = 5*u - 50 - 40. Let i be (u/4)/((-30)/40). Let g(x) = x**3 + 5*x**2 - 7*x - 5. What is the units digit of g(i)?
1
Suppose -q - 27 = -141. What is the units digit of q?
4
Suppose -5511 = -2*p - 5*a, 5*p - 4*p + 3*a = 2753. What is the units digit of p?
8
Suppose 2*x - 8*x + 12 = 0. What is the tens digit of -170*(-5 + 1 - -3)/x?
8
Let t(q) = -q**3 + 13*q**2 + 9*q - 8. What is the hundreds digit of t(-10)?
2
Let b(z) =